. What is the tens digit of j/(-3) - 94/(-6)?
1
Let f(z) = 97*z + 15. Let n be f(5). Suppose n - 1280 = -3*d. What is the hundreds digit of d?
2
Let t(s) = 5*s + 61. Suppose -d = d - d. What is the tens digit of t(d)?
6
Suppose 0*h = 2*h - 4. What is the tens digit of 2/(-4) + (h - 38/(-4))?
1
Suppose -5*l + 552 + 468 = 0. Suppose 0 = -b + l - 23. What is the tens digit of b?
8
Suppose r - 4*f - 748 = 0, -5*f = -0*r + r - 757. Let g = 9 - 8. What is the units digit of (g/(-2))/((-8)/r)?
7
Let r(j) = 3*j**2 + 2*j - 2. Suppose 5*i - 5*p - 4 = i, -2*p + 3 = 3*i. Let v be r(i). Suppose -6*q + 42 = -v*q. What is the tens digit of q?
1
Let c(d) = d**3 - 8*d**2 - 5*d - 9. Let z(p) be the third derivative of p**4/24 + 5*p**3/6 + 3*p**2. Let b be z(4). What is the units digit of c(b)?
7
What is the units digit of 2 - (-661 + 5 + -3)?
1
Suppose 1137 = 3*b + 2*n, b + 19*n = 23*n + 379. What is the hundreds digit of b?
3
Let x(v) = -12*v + 6. Let i be x(-5). Suppose -2*g = 3*y - 165, 5*g - 4*y = 4*g + i. What is the units digit of g?
8
Let c = 182 - 459. What is the tens digit of -4 + (0 - c) + (2 - 1)?
7
Suppose -b + 4*b - 24 = 0. Let o(g) = -g**2 + 10*g - 12. Let l be o(b). Suppose l*v - 204 = -2*v. What is the tens digit of v?
3
Suppose 4*j - 12 = -0*j. Suppose j*w = 4*w - 4*r, -3*w = -3*r - 18. What is the tens digit of 4/w*2 + 13?
1
Suppose 4*i + 973 = h, -8*h - 5*i + 4890 = -3*h. What is the hundreds digit of h?
9
Suppose s + 42 = 8*s. Let d(l) = 3*l - 2 - 5*l + 5*l**2 - 3*l**2 + 0*l. What is the tens digit of d(s)?
5
Let g(h) = 77*h - 78. What is the thousands digit of g(35)?
2
Let x be 0/(9/(9/2)). Suppose g - 2*k = 53, -5*g + 2*k + 0*k + 265 = x. What is the units digit of g?
3
Let g be 0 + (-3 - -1 - -5) + 155. Suppose 3*p - 2*c - g = -0*c, -5*p + 259 = c. What is the units digit of p?
2
Let f = 11 + -29. Let l = 18 + f. What is the units digit of 11 + l + (-4)/2?
9
Suppose 4*y = 3*i + 19, 3*i - 3*y + 13 = 2*i. Let h = i + 10. Suppose -7*v = -h*v + 36. What is the tens digit of v?
1
What is the tens digit of 1210 + ((-3)/5 - 330/75)?
0
What is the tens digit of (-93)/(-62) - 2351/(-2)?
7
Suppose -3*j = 0, 3*j - 3196 = 12*x - 16*x. What is the hundreds digit of x?
7
Let q(w) = w**3 + 4*w**3 - 3*w**3 - 9*w + 445*w**2 - 9 - 419*w**2. What is the hundreds digit of q(-13)?
1
What is the hundreds digit of (1386/(-27))/(-14)*39?
1
Let u(s) = -s - 10. Let k be u(-10). Let i be (k - 6) + 3 + -6. What is the units digit of (-3)/1 - (i - -2)?
4
Suppose -329 - 80 = -b. What is the units digit of b?
9
Let b be (-6)/(-1)*9/(-2). Let s = b - -17. What is the units digit of ((-18)/4)/(s/40)?
8
Suppose -4*v + 3524 + 448 = 2*m, -3*v + 7954 = 4*m. What is the tens digit of m?
9
Let l(c) = -c**3 + c**2 + c. Let n(x) = 6*x**3 - 8*x**2 - 11*x + 3. Let h(s) = -5*l(s) - n(s). Suppose 3*y = -2*y + 20. What is the units digit of h(y)?
5
Suppose -3*f + 41 = -4. Suppose -82 = 5*y + d, f + 9 = -2*y + 4*d. What is the units digit of (7 + -3)*(-164)/y?
1
Suppose -4*t + 12 = 0, t = -4*p - 4*t + 223. Suppose p = 5*s - 4*u - 85, 0 = s - 4*u - 21. What is the units digit of s?
9
Suppose 40*l = 36*l + 44. Suppose 3*d - 4*k = 20, 5*d - 2*k + l = 63. What is the units digit of d?
2
Suppose -3*h - 12 = -3*u - 0*h, 5*u - 20 = 2*h. Let d be (80/(-12))/(u/(-6)). Let x = 5 + d. What is the units digit of x?
5
Suppose -6*d = 4*m - 5*d, 5*m - 17 = 3*d. What is the units digit of -4*m*602/(-8)?
1
Let w be (4/(-6))/(4/(-78)). Let c(u) = -u**3 + 12*u**2 + 11*u. Let p be c(w). Let v = p - -43. What is the units digit of v?
7
Suppose 3*y + 720 = 144. Let j = y - -405. What is the units digit of j?
3
Let b = 656 - -308. What is the hundreds digit of b?
9
Let w(y) = -130*y - 75. What is the tens digit of w(-7)?
3
Suppose -2*f = 2, -p - 3*f + 6 = -6*f. Suppose p*j - j = 6. Suppose j*r = -4*y + 70, 4*r + 5*y - 114 = -20. What is the units digit of r?
6
Suppose 67 - 223 = -4*g. What is the units digit of g?
9
Let w = 32 - 27. Let b be -2 + (0 - -1) - -1. Suppose -5*t + b + w = 0. What is the units digit of t?
1
Let h(a) = -a**3 - 13*a**2 + 2*a + 9. Let l = 34 - 48. What is the tens digit of h(l)?
7
Let k be 2/(-1) - -75 - 3. Suppose -5*x = -110 - k. Suppose -3*z = -6*z + x. What is the units digit of z?
2
Suppose 5*z - 3 = -118. Let f = z + 86. What is the units digit of f?
3
Let j be 8/(3 - 21/9). Suppose -5*i = -i - j. Suppose -i*l + 35 = -7. What is the tens digit of l?
1
Suppose -z + 1 + 59 = 0. Suppose -z + 270 = s. What is the tens digit of s?
1
Let x(a) = 136*a**3 + a**2 - a. Let s be x(1). Suppose i + s = 3*i. What is the tens digit of i?
6
Suppose -7*d + 11*d = -12. What is the units digit of (12/d)/(-4)*4?
4
Suppose 1054 + 423 = 7*s. What is the hundreds digit of s?
2
Let f = 38 - 36. Suppose 0 = 3*u - f*a - 67, a = 2*a - 4. What is the units digit of u?
5
Let g = 715 + -343. What is the hundreds digit of g?
3
Let k(g) = g**3 + 20*g**2 + 21*g - 17. What is the tens digit of k(-17)?
9
What is the tens digit of (2425 - -2)*17/((-408)/(-16))?
1
Let r = 111 + 60. What is the tens digit of r?
7
Let b(o) be the first derivative of -o**4/4 - 4*o**3/3 - 3*o**2 - 4*o + 4. What is the tens digit of b(-4)?
2
Let w(x) = x**2 - 3*x + 7. Let c be w(2). Suppose 138 = c*n + k - 0*k, 15 = 5*k. What is the units digit of n?
7
Let h = -403 - -1180. What is the units digit of h?
7
Let z = 147 - 7. What is the units digit of z?
0
Let w(y) = 13*y**2 + 3*y + 2. Let u be w(3). Let j = -73 + u. What is the tens digit of j?
5
Suppose -3*g + 226 + 164 = 0. Suppose 2*v - 2*z = -z + g, -5*v - 2*z = -325. What is the units digit of v?
5
Let n(s) = 176*s**2 + 7*s + 10. What is the units digit of n(-2)?
0
Suppose -400 + 85 = 5*d. What is the units digit of (27/d - (-27)/14)*94?
1
Suppose 0*v + 30 = -5*v. Let y be (9/(-6))/(v/16). Let t(x) = 8*x + 1. What is the tens digit of t(y)?
3
Let n be (-9 - -7)*3/(-2). Suppose -d - 8 = -n*d + 2*y, y = 5*d - 28. Suppose -2*f + 0 + d = 0. What is the units digit of f?
3
Suppose -2*b = 2*k - 764, 4*b = 2*k - 4*k + 758. What is the tens digit of k?
8
Let a be 4/16 - 147/(-4). Let u = a - 33. Suppose 2*h - 102 = -u*h. What is the units digit of h?
7
Suppose -9*i + i + 456 = 0. Suppose 0 = f - b + 5*b - 75, 5*b + i = f. What is the tens digit of f?
6
Let n(i) = i**3 - 2*i**2 - 5*i + 1. Let a be n(4). Suppose 10*w = a*w - 66. What is the units digit of w?
2
Let f(d) = -d**3 - 21*d**2 + 18*d - 67. What is the tens digit of f(-22)?
2
Let o(l) = l + 8. Let r be o(-4). What is the hundreds digit of (-8)/(-2 + r) + 172?
1
Suppose -585*j + 577*j + 15592 = 0. What is the thousands digit of j?
1
Let a be (-13)/5 - 3/(-5)*1. What is the units digit of ((-11)/2)/(a/20)?
5
Let c be (6/(-5))/(-3)*15*2. Suppose 7*z + 1095 = c*z. What is the hundreds digit of z?
2
Let t = -987 + 2029. What is the hundreds digit of t?
0
Let k be (5 + -16)/(-1*1). Suppose 120 = 4*g + 3*s, g = 4*g + 5*s - 79. Let y = g - k. What is the tens digit of y?
2
Suppose 15*d - 26246 = 4*d. What is the hundreds digit of d?
3
Suppose -2*g + 830 = -2*n, 2*n + 1662 = 4*g - 3*n. What is the units digit of g?
3
Let y(b) = -439*b - 18. What is the units digit of y(-5)?
7
Let f = -30 - -37. Suppose -u = -3*t - 30, 0 = -4*t + f + 5. What is the tens digit of u?
3
Let o = 168 + -73. What is the units digit of o?
5
Suppose l + 6 = 2*l. Suppose n = -5*b + l - 31, 2*b = 5*n - 10. Suppose c - 25 - 25 = n. What is the units digit of c?
0
Let u(s) = -6*s**2 - 7 + 0*s - 3*s - s**3 + 9. Let a be u(-4). Let i = a + 31. What is the tens digit of i?
1
Let y(d) = -d**3 - 2*d**2 + 8*d - 10. Let z be y(-5). Suppose z + 46 = h. What is the tens digit of h?
7
Let r(l) be the second derivative of -107*l**5/10 - l**3/2 - l**2 - 20*l. What is the tens digit of r(-1)?
1
Suppose 5*f - 5476 = -0*f + 4*h, -7*h - 5473 = -5*f. What is the hundreds digit of f?
0
Let x = -979 - -1738. What is the tens digit of x?
5
Let p(q) = q**3 - q**2 + 3*q - 2. Let m be p(2). What is the units digit of m/1*(-66)/(-44)?
2
Let w = 24 + -22. What is the tens digit of 279/15 - w/(-5)?
1
Suppose -5*q - 72 = -8*q. Suppose 0 = 2*s - 4 - q. What is the units digit of s?
4
Let k be (4/5)/(6/45). Let b be 2/k + 14/3. Suppose 3*p - 6*p = 2*c - 25, c = -b*p + 9. What is the tens digit